{"id":52,"date":"2014-02-17T23:01:41","date_gmt":"2014-02-17T23:01:41","guid":{"rendered":"http:\/\/www.globalconsultoriabh.com.br\/?page_id=52"},"modified":"2014-03-09T01:00:28","modified_gmt":"2014-03-09T01:00:28","slug":"equipe","status":"publish","type":"page","link":"https:\/\/globalconsultoriabh.com.br\/?page_id=52","title":{"rendered":"Equipe"},"content":{"rendered":"<\/div><\/div><\/div><!-- close content main div --><\/div><\/div><div id='av_section_1' class='avia-section main_color avia-section-default avia-no-shadow avia-bg-style-scroll  container_wrap sidebar_right'   ><div class='container' ><div class='template-page content  av-content-small alpha units'><div class='post-entry post-entry-type-page post-entry-52'><div class='entry-content-wrapper clearfix'>\n<div style='padding-bottom:10px;' class='av-special-heading av-special-heading-h3 meta-heading  '><h3 class='av-special-heading-tag'  itemprop=\"headline\"  >Nossa Equipe<\/h3><div class='special-heading-border'><div class='special-heading-inner-border' ><\/div><\/div><\/div>\n<section class=\"av_textblock_section\"  itemscope=\"itemscope\" itemtype=\"https:\/\/schema.org\/CreativeWork\" ><div class='avia_textblock '   itemprop=\"text\" ><p style=\"text-align: justify;\">A<strong> Global Consultoria<\/strong> conta com uma equipe de consultores especializados nas diferentes \u00e1reas em que atuamos. Nossa equipe \u00e9 preparada para ajudar as organiza\u00e7\u00f5es a alcan\u00e7ar excel\u00eancia na gest\u00e3o e aumentar a sua competitividade em um mercado onde o conhecimento passou a ser o principal diferencial de uma organiza\u00e7\u00e3o.<\/p>\n<\/div><\/section>\n<section class='avia-team-member '  itemscope=\"itemscope\" itemtype=\"https:\/\/schema.org\/Person\" ><h3 class='team-member-name'   itemprop=\"name\" >Ricardo Luiz Barbosa<\/h3><div class='team-member-job-title '   itemprop=\"jobTitle\" >S\u00f3cio-Consultor<\/div><div class='team-member-description '  itemprop=\"description\"  ><p>Administrador de empresas, atua como consultor desenvolvendo atividades em planejamento financeiro, gest\u00e3o de custos, estrat\u00e9gia de neg\u00f3cios e gest\u00e3o empresarial. P\u00f3s-graduado em Gest\u00e3o Estrat\u00e9gica de Custos, Controladoria com \u00eanfase cont\u00e1bil, Finan\u00e7as e Auditoria. Professor Universit\u00e1rio das disciplinas de Gest\u00e3o de Finan\u00e7as, Planejamento Estrat\u00e9gico, An\u00e1lise das Demonstra\u00e7\u00f5es Financeiras, Viabilidade Econ\u00f4mico \u2013 Financeira, Gest\u00e3o Estrat\u00e9gica de Custos, Gest\u00e3o de Neg\u00f3cios e Contabilidade Gerencial. Atuou como executivo de empresas durante v\u00e1rios anos. \u00c9 respons\u00e1vel pela condu\u00e7\u00e3o em dezenas de projetos de finan\u00e7as, custos e or\u00e7amento. <\/p>\n<\/div><span class='hidden team-member-affiliation'  itemprop=\"affiliation\" >Global Consultoria<\/span><\/section>\n<section class='avia-team-member '  itemscope=\"itemscope\" itemtype=\"https:\/\/schema.org\/Person\" ><h3 class='team-member-name'   itemprop=\"name\" >F\u00e1bio Souza Novais<\/h3><div class='team-member-job-title '   itemprop=\"jobTitle\" >Consultor<\/div><div class='team-member-description '  itemprop=\"description\"  ><p>Administrador de empresas, atua como consultor e analista de custos. P\u00f3s-graduado em Gest\u00e3o de Pessoas e Administra\u00e7\u00e3o P\u00fablica. Atuou como gestor de Faturamento e gestor Comercial durante v\u00e1rios anos. Larga experi\u00eancia em rela\u00e7\u00f5es humanas, estrat\u00e9gia de neg\u00f3cios e gest\u00e3o de projetos.<\/p>\n<\/div><span class='hidden team-member-affiliation'  itemprop=\"affiliation\" >Global Consultoria<\/span><\/section>\n<section class='avia-team-member '  itemscope=\"itemscope\" itemtype=\"https:\/\/schema.org\/Person\" ><h3 class='team-member-name'   itemprop=\"name\" >T\u00e2nia Oliveira<\/h3><div class='team-member-job-title '   itemprop=\"jobTitle\" >Consultora<\/div><div class='team-member-description '  itemprop=\"description\"  ><p>Advogada, atua como consultora e palestrante realizando capacita\u00e7\u00e3o t\u00e9cnica, comportamental e institucional em organiza\u00e7\u00f5es p\u00fablicas e privadas com foco nas estrat\u00e9gias das empresas junto do mercado em que atuam. P\u00f3s-graduada em administra\u00e7\u00e3o hospitalar, com grande viv\u00eancia em Recursos Humanos e rela\u00e7\u00f5es interpessoais. Atuou como executiva em empresas de grande porte e \u00d3rg\u00e3os P\u00fablicos por v\u00e1rios anos. Atualmente \u00e9 respons\u00e1vel por treinamentos com \u00eanfase em capacita\u00e7\u00e3o institucional na gest\u00e3o p\u00fablica e privada.<\/p>\n<\/div><span class='hidden team-member-affiliation'  itemprop=\"affiliation\" >Global Consultoria<\/span><\/section>\n<section class='avia-team-member '  itemscope=\"itemscope\" itemtype=\"https:\/\/schema.org\/Person\" ><h3 class='team-member-name'   itemprop=\"name\" >Herbert Fontoura de Castro<\/h3><div class='team-member-job-title '   itemprop=\"jobTitle\" >Consultor Associado<\/div><div class='team-member-description '  itemprop=\"description\"  ><p>Gestor de Recursos Humanos, atua como consultor em Gest\u00e3o de Pessoas, elaborando e executando a gest\u00e3o estrat\u00e9gica de processos bem como, recrutamento e sele\u00e7\u00e3o, treinamento, desenvolvimento e acompanhamento de pessoas, avalia\u00e7\u00e3o de desempenho por compet\u00eancias, cargos e sal\u00e1rios, plano de carreiras. Atua como consultor na \u00e1rea de administra\u00e7\u00e3o de pessoal com ampla experi\u00eancia em gest\u00e3o informatizada dos processos de admiss\u00e3o, folha de pagamento, f\u00e9rias, d\u00e9cimo terceiro, rescis\u00e3o contratual, e obriga\u00e7\u00f5es acess\u00f3rias. P\u00f3s-graduado em Gest\u00e3o Estrat\u00e9gica de Pessoas e Gest\u00e3o Ambiental e Geoprocessamento. Professor universit\u00e1rio das disciplinas de Gest\u00e3o do Conhecimento e Aprendizagem Organizacional, Dimensionamento e Desligamento de Pessoal, Lideran\u00e7a e Motiva\u00e7\u00e3o, Comportamento Organizacional, Carreira, Demiss\u00e3o e Ajustes de Pessoal, Rotinas Trabalhistas e os Aspectos Contempor\u00e2neos do Direito do Trabalho. Atuou como analista, \u00e0 frente de v\u00e1rios projetos de Recursos Humanos em empresas que atuam nos seguimentos do com\u00e9rcio varejista, telecomunica\u00e7\u00e3o, presta\u00e7\u00e3o de servi\u00e7os e industrial. Atualmente \u00e9 membro da comiss\u00e3o do Plano de Cargos, Sal\u00e1rios e Carreiras, comiss\u00e3o de Avalia\u00e7\u00e3o de Desempenho e comiss\u00e3o de Elabora\u00e7\u00e3o do edital para concurso p\u00fablico em empresa do setor de radiodifus\u00e3o.<\/p>\n<\/div><span class='hidden team-member-affiliation'  itemprop=\"affiliation\" >Global Consultoria<\/span><\/section>\n<\/div><\/div><\/div><!-- close content main div --><\/div><\/div><div id='after_section_1' class='main_color av_default_container_wrap container_wrap sidebar_right'   ><div class='container' ><div class='template-page content  av-content-small alpha units'><div class='post-entry post-entry-type-page post-entry-52'><div class='entry-content-wrapper clearfix'>\n","protected":false},"excerpt":{"rendered":"","protected":false},"author":3,"featured_media":0,"parent":0,"menu_order":0,"comment_status":"open","ping_status":"open","template":"","meta":[],"_links":{"self":[{"href":"https:\/\/globalconsultoriabh.com.br\/index.php?rest_route=\/wp\/v2\/pages\/52"}],"collection":[{"href":"https:\/\/globalconsultoriabh.com.br\/index.php?rest_route=\/wp\/v2\/pages"}],"about":[{"href":"https:\/\/globalconsultoriabh.com.br\/index.php?rest_route=\/wp\/v2\/types\/page"}],"author":[{"embeddable":true,"href":"https:\/\/globalconsultoriabh.com.br\/index.php?rest_route=\/wp\/v2\/users\/3"}],"replies":[{"embeddable":true,"href":"https:\/\/globalconsultoriabh.com.br\/index.php?rest_route=%2Fwp%2Fv2%2Fcomments&post=52"}],"version-history":[{"count":24,"href":"https:\/\/globalconsultoriabh.com.br\/index.php?rest_route=\/wp\/v2\/pages\/52\/revisions"}],"predecessor-version":[{"id":489,"href":"https:\/\/globalconsultoriabh.com.br\/index.php?rest_route=\/wp\/v2\/pages\/52\/revisions\/489"}],"wp:attachment":[{"href":"https:\/\/globalconsultoriabh.com.br\/index.php?rest_route=%2Fwp%2Fv2%2Fmedia&parent=52"}],"curies":[{"name":"wp","href":"https:\/\/api.w.org\/{rel}","templated":true}]}}